8*i - 44. Let o be q(-3). Suppose -3*s + 5*b = -23, -s - 72*b = -o*b - 26. What is the highest common factor of s and 26?
2
Suppose 19*o - s = 22*o - 926, 3*o - 914 = 5*s. Calculate the greatest common divisor of o and 147.
7
Let g be (-148)/37 + (2 + 0)/(-1). Let n be 16/g*(-63)/3. Calculate the greatest common factor of 8 and n.
8
Let u = -314 - -554. Let a(i) = i**3 + 34*i**2 - 153*i - 34. Let j be a(-38). What is the highest common divisor of u and j?
4
Let o(k) be the second derivative of 4*k**5/5 - 7*k**4/12 + 2*k**3 - 29*k**2/2 + 9*k + 4. Let s be o(4). Calculate the highest common factor of s and 49.
49
Suppose -3*w + 4*c + 23 = -10, 2*c = 4*w - 54. Calculate the highest common divisor of w and 1035.
15
Suppose 3*c = 4*c - 123. Let n(m) = -7*m + 2*m + 0 - 7 + m. Let l be n(-12). What is the highest common divisor of c and l?
41
Let h(u) = 11*u - 11*u**2 + 12*u**2 - 4*u - 2*u + 52. Let r be h(-12). Calculate the greatest common factor of 34 and r.
34
Let v = 108 - 111. Let n be -5*v/25*(43 - -2). Calculate the greatest common divisor of n and 18.
9
Suppose 5*f = 11*f - 72. Let v be f/4 - (5 + -7). What is the highest common divisor of v and 165?
5
Let z be ((-18)/7)/((507/(-2002))/13). Calculate the greatest common divisor of 4764 and z.
12
Suppose 42*o = o + 41. Let k(c) = -23*c + 31. Let q be k(o). Suppose 16 = 2*w - p, 4*w + p - 16 = 2*w. Calculate the highest common divisor of w and q.
8
Let h be 10490/12 + (-5060)/(-6072). What is the greatest common divisor of h and 8875?
125
Suppose -392 = -k - z, -4*k + 0*k - 3*z + 1572 = 0. Let v(s) = 403*s + 3312. Let w be v(-8). Calculate the greatest common divisor of w and k.
44
Let h(g) = -30*g + 118. Let f be h(-7). Let d = 466 - f. What is the highest common factor of d and 483?
69
Let l(p) = -p**2 - 5*p + 6. Let z be l(-5). Let r be 2790/(-90) + (-2 - -99). Calculate the highest common divisor of r and z.
6
Suppose 0 = 2*w + 4*w - 48. Suppose w*s = 9*s. Suppose 5*q + 0*q - 255 = s. What is the greatest common factor of 68 and q?
17
Suppose 131*u = 132*u - 71. Suppose 3*q = 131 - u. What is the highest common factor of q and 340?
20
Let f(t) = -5*t - 3. Let o be f(-1). Let l be (-3 + (o - -8))*7. Suppose 0 = l*r - 52*r + 450. Calculate the highest common factor of r and 50.
50
Let f be 2 + (-3)/(6*(-7 + 91/14)). Let l be (-1)/((-3)/54) - -1. Calculate the highest common divisor of l and f.
1
Let p be 9*(-2 - (-1 + -2)). Let t = -2 + p. What is the highest common factor of 21 and t?
7
Let g(o) = 276*o**2 + o - 1. Let h(f) = -f**2 + 4*f + 6. Let i be h(5). Let v be g(i). Let b be 11 - -2*4/8. Calculate the highest common factor of v and b.
12
Let v = 26720 + -26696. Calculate the greatest common divisor of v and 3516.
12
Let j = -567 - -744. Calculate the highest common factor of 118 and j.
59
Let s(x) = 8*x + 39. Let o(m) = -4*m - 19. Let f = 12 - 21. Let i(t) = f*o(t) - 4*s(t). Let d be i(0). Calculate the greatest common factor of 5 and d.
5
Let v(n) = -2*n**3 - 72*n**2 - 84*n - 2800. Let u be v(-36). Suppose 5*l = 5*m - 40, -15 = -4*m - l + 12. What is the highest common divisor of m and u?
7
Suppose -25*f + 24*f + 85 = -3*o, 0 = 4*f + 2*o - 298. Calculate the greatest common factor of 1292 and f.
76
Let o(t) = t**2 - 2*t - 1. Let x be o(-1). Suppose -f = p - 114, x*f + p = 6*p + 221. Suppose 3*r + f = 398. What is the highest common divisor of r and 19?
19
Let f(r) = -3*r**3 + 55*r**2 - 13*r - 46. Let c be f(18). Calculate the highest common divisor of 3124 and c.
44
Suppose -n - 21 = -3*j, 8*n + 15 = 3*j + 9*n. Suppose -8*r = -j*r - 28. What is the greatest common factor of r and 70?
14
Let y = -5194 - -5198. What is the highest common divisor of y and 490?
2
Suppose -6*d = -114 + 102. Suppose 0 = d*v - v - i - 869, -v - 5*i = -869. Calculate the greatest common divisor of 79 and v.
79
Suppose 94*s - 91*s - 5*j - 2276 = 0, 0 = 4*s + j - 3004. Calculate the greatest common divisor of s and 1222.
94
Suppose 5*b + 200 = 2*z, 0*z - 2*z = -2*b - 188. What is the greatest common divisor of z and 750?
30
Let q(b) = 41*b**2 + 3*b + 5. Let o be q(-3). Suppose -16*c - o = -21*c. Let i be 1 + -5 + 3 + c. Calculate the highest common divisor of i and 18.
18
Let a = 902 + -864. Let i = 363 - a. Calculate the highest common divisor of 65 and i.
65
Let f(k) = -24*k + 2700. Let h be f(97). Calculate the highest common factor of 16988 and h.
124
Let i(c) = -209*c + 1906. Let f be i(8). What is the highest common factor of f and 3798?
18
Let f = -2329 + 2399. Calculate the greatest common factor of 2485 and f.
35
Let j = 302 - 159. Suppose -3*p + 5*d - 16 = -j, 4*d - 48 = -p. Calculate the highest common divisor of 4 and p.
4
Let u be -2 - (2 + 423436/(-20)) - 8/(-40). Calculate the greatest common divisor of 112 and u.
112
Let i(a) be the first derivative of -19*a**2/2 - 10*a + 3. Let t be i(-4). Let v = t - 61. Calculate the highest common divisor of v and 35.
5
Let w be 2*(-97)/(-2)*1. Suppose -93*s = -w*s + 20. Suppose 0 = -3*h + 6*h - 5*z - 58, -103 = -s*h + 2*z. What is the highest common divisor of h and 189?
21
Suppose 0 = 4*z - 3*o - 405, 0 = -5*z + 9*o - 5*o + 507. What is the highest common divisor of 18 and z?
9
Let q be -12 - (-2 - (-27398)/(-2)). What is the highest common factor of q and 169?
169
Let m be -32*((-75)/12 - -6) + 2852. Calculate the highest common factor of m and 60.
20
Let o(i) = -i**3 + 16*i**2 + 17*i - 39. Let l be o(17). Let r be (l/(-6) - 2)*32/6. What is the highest common factor of 66 and r?
6
Let b = -1912 - -2572. Calculate the highest common divisor of b and 88.
44
Let f be 10/(-6)*30/(-25) - -33. Suppose -j = 3*c - f, -4*j + 0*j - 2*c + 120 = 0. Let q = j + -24. What is the highest common divisor of q and 10?
5
Suppose 0 = -a + 3*i + 65, 2*a = -3*i + 4*i + 135. What is the greatest common divisor of a and 9146?
34
Suppose 0 = w + w - 6, 4*d - 187 = 3*w. Let x = d + -47. Suppose x*m + 0*t = t + 50, -m + 5*t + 16 = 0. Calculate the greatest common divisor of 52 and m.
26
Let d(b) = 63*b - 534. Let m be d(9). Calculate the highest common divisor of 2 and m.
1
Let d(o) = 3*o**2 - 3. Let j = -6 + 9. Let x be d(j). Let u = -227 + 251. Calculate the greatest common factor of x and u.
24
Let l be (-124)/434 + (-6092)/(-7). What is the highest common factor of 42 and l?
6
Let h be (-5 + 24/6)*-277. What is the highest common factor of h and 1?
1
Suppose -i - 36*l + 33*l + 18 = 0, -2*l = -3*i - 1. Suppose -4*v = -3*v - 51. What is the highest common factor of i and v?
3
Suppose -4*g + 8037 = 737. What is the greatest common divisor of 219 and g?
73
Suppose -w - q + 117 = 2*q, 3*w + 5*q = 371. Suppose -5*b + 8*b = w. Suppose 17 = -3*r + b. Calculate the greatest common factor of 1 and r.
1
Let o be (-3)/(-2) + 3/2. Suppose -4*u + 5 = -o*u. Let q(i) = -4*i**2 + 328*i - 284. Let d be q(81). Calculate the highest common divisor of u and d.
5
Let n = -2190 + 2397. Suppose -b = 3*h - 30, -2*h = -5*b - 7*h + 140. What is the greatest common divisor of n and b?
9
Let j be -29 + 25 - (-11 + -2)/(3/507). Calculate the greatest common divisor of j and 516.
129
Suppose -7*g + 30 = -12*g. Let j(x) = 58*x - 3. Let h be j(g). Let f = h - -585. Calculate the greatest common factor of 26 and f.
26
Let w(d) = -4*d**2 + 144*d + 343. Let s be w(36). What is the greatest common divisor of 112 and s?
7
Suppose 4*n = -4*m + 100, m = -0*n - 3*n + 21. Let s = -448 + 455. Let v(p) = p**2 - 9*p + 23. Let g be v(s). What is the highest common factor of g and m?
9
Let n be (8/6)/(-4) + (-9 - (-3796)/39). Calculate the greatest common divisor of n and 13244.
44
Suppose -4*r + 25 = r, 2*r = -t - 2. Let x be 0/(t/3 + 8). Suppose 6*z - 1456 - 32 = x. What is the highest common divisor of z and 31?
31
Let l(d) = d**3 - 7*d**2 + 87*d - 1132. Let q be l(12). What is the greatest common factor of q and 40?
8
Let b = -488 - -501. Suppose -11 + 1 = -2*r. Suppose -r*c - t + 62 = 0, 2*t = 4*c - 2*c - 32. Calculate the highest common divisor of b and c.
13
Suppose 2*n - 5*n + 3950 = 5*w, 2*w - 4*n - 1606 = 0. What is the greatest common factor of w and 61?
61
Suppose 5*c = 3*x - 29, -x - c + 8 - 9 = 0. Let g = 0 + 4. Suppose -2 + 6 = g*h. What is the greatest common divisor of h and x?
1
Let b be 672/192*(1 